
23
Suppose 3*i = 3*g + g + 341, -250 = -2*i - 3*g. Calculate the highest common divisor of i and 51.
17
Let q be (-45)/20*(-64)/(-3). Let s be (4/6)/((-3)/(-324)). Let k = s + q. What is the greatest common factor of k and 24?
24
Let s(q) = -q**3 - 3*q**2 - 13. Let i be s(-4). Suppose -5*h - 160 = -5*t, i*t + 73 = 5*t - 5*h. Calculate the greatest common divisor of 87 and t.
29
Suppose 1159 + 1273 = 2*s. What is the highest common factor of 19 and s?
19
Let q be (-969)/(-76) - 6/8. Let r be 12/16 + (-57)/q + 22. What is the highest common factor of r and 198?
18
Suppose -1620 = -35*m + 23*m. Calculate the highest common divisor of 216 and m.
27
Let u be -2 - ((-6)/4)/(12/1264). Let b = 204 - u. Let c(d) = d**2 + 3*d + 6. Let o be c(-5). What is the greatest common factor of o and b?
16
Suppose 4*x - 3*s = 73 - 28, 0 = -4*x - 3*s + 51. Let h = 130 - 196. Let b = h - -198. Calculate the greatest common divisor of x and b.
12
Suppose -4*f = 3*k - 30, 3*k + f - 24 = -3. Let l = 6 - k. Suppose l = -3*j - j + 48. What is the highest common divisor of j and 12?
12
Let r(k) = 19*k - 46. Let b be r(8). Suppose 0 = -2*f - 36 + b. What is the greatest common divisor of f and 140?
35
Let x be (-19)/((-1254)/37312) + 1/(-3). Calculate the highest common divisor of x and 113.
113
Let a = -43 - -71. What is the greatest common factor of a and 182?
14
Let h be (18/5)/((-2)/10). Let m be 39/6 - h/12. What is the highest common factor of 16 and m?
8
Let r be -7 + (-6)/(-18)*3. Let b be 99/4 + r*3/24. Calculate the greatest common factor of b and 16.
8
Suppose 0 = 2*q - 7*q + 1000. Let v = -111 - -136. What is the greatest common divisor of q and v?
25
Let i(b) = -b**2 - 50*b + 192. Let l be i(-41). Calculate the greatest common divisor of l and 11.
11
Let z(q) = q**3 - 16*q**2 + 26*q + 34. Let t be z(14). Suppose 6*r - 6 = 6. What is the highest common divisor of t and r?
2
Let w be 32/7 + (-10)/175*10. Suppose -3*s = -4 + 28. Let r(h) = -h - 4. Let y be r(s). Calculate the greatest common divisor of y and w.
4
Let x(s) = -46*s + 3. Let z be x(-3). Let k be 1 - z*2*4/(-24). What is the greatest common divisor of k and 6?
6
Suppose 185 = 5*q - 0*q. Let j = -1 + q. Let x = j + -6. What is the greatest common divisor of x and 12?
6
Let p(y) = 4*y**3 + 9*y**2 + 7*y + 17. Let t be p(-2). Let c = 3 - -2. Suppose 0*x + c*x = 35. What is the greatest common divisor of t and x?
7
Let z be (-2)/(-4)*(13 - 7). Suppose -z*d - 960 = -8*d. What is the highest common factor of 24 and d?
24
Suppose 20 = -2*r - 4*j, 0*j + 5 = -3*r - j. Suppose -5*b = -4*a - 39 + 4, r = 4*b + a - 28. Let f = -23 + 86. Calculate the highest common factor of b and f.
7
Suppose -13*n + 167 = -11*n - 3*i, -i = n - 91. Calculate the highest common factor of 121 and n.
11
Suppose -6 = 2*h - 30. Let p(v) = 131*v**2 - 4*v + 5. Let m be p(1). Suppose 55*a - m = 44*a. What is the greatest common factor of a and h?
12
Let v be 8*-1*13/(-4). Let r = 7 + 6. Calculate the highest common factor of r and v.
13
Let u(s) = s**3 - 2*s**2 + 8 + s**2 + s**2 + 4*s - 4*s**2. Let m be u(4). Calculate the highest common factor of 84 and m.
12
Suppose 10*n - 532 = -4*n. Calculate the greatest common factor of n and 133.
19
Let t be 1118/22 + 18/99. Suppose 9 + t = 3*u. What is the greatest common factor of u and 5?
5
Let c(i) = i**2 + 6*i - 8. Let l be c(-6). Let o be (-45)/(-4) - (-2)/l. Calculate the greatest common divisor of o and 1.
1
Suppose -j + 3 + 102 = 0. What is the greatest common divisor of 42 and j?
21
Let s = 65 + 4. Let q = s - -57. Suppose -4*z = -q - 350. What is the highest common factor of z and 17?
17
Let a = 36 - 27. Suppose -3*k + 9*k = 54. What is the highest common divisor of k and a?
9
Suppose -4*n = 5*v - 12, -3*v - n + 18 = -4*n. Let d = v - 19. Let s be (-246)/d + (-12)/30. What is the highest common divisor of s and 8?
8
Let p(c) be the first derivative of -c**4/2 - c**3 - c**2/2 - 6. Let r be p(-2). Suppose h = r - 0. What is the highest common factor of 54 and h?
6
Suppose 1 = -5*w + 11. Suppose -5*k + k = 2*l, 4*k = -l - w. What is the greatest common divisor of l and 2?
2
Let w be (-1)/(2/(-12)) - (-519 + 1 - -2). Let n be (56 - 0/2) + 2. Calculate the greatest common divisor of n and w.
58
Suppose 15*o = 12*o + 18. Suppose k + 74 = 2*c - 19, -2*c = 5*k - 111. What is the highest common divisor of c and o?
6
Let d(i) = -i**3 + 8*i**2 + 19*i + 42. Let v be d(10). Calculate the greatest common divisor of 456 and v.
8
Suppose 2*c - 4*w - 169 = -7*w, 0 = -4*c + w + 303. Let m = c + -54. Calculate the highest common factor of m and 184.
23
Let x be 1/8 + ((-862)/(-16) - -2). What is the greatest common factor of 24 and x?
8
Let s(p) = -382*p + 120. Let t be s(-5). Calculate the highest common divisor of 14 and t.
14
Suppose 2*h + h - 55 = 5*o, -4*o - 37 = -h. Let c be o/((-96)/63)*4. What is the highest common factor of 168 and c?
21
Suppose 4*a - 1907 + 1731 = 0. What is the greatest common divisor of 187 and a?
11
Let z be (-2 + -48 + 2)/((-64)/768). What is the highest common divisor of 6 and z?
6
Suppose 0 = 2*l, 0 = 3*v + 2*l + l - 135. Let h = -309 + 318. What is the highest common divisor of h and v?
9
Let t = 33 - 8. Let r(w) = -w**3 - 5*w**2 - 14*w - 1. Let k be r(-6). Let h = 129 - k. What is the greatest common factor of t and h?
5
Let l(s) = -52*s - 224. Let t be l(-7). What is the greatest common divisor of 30 and t?
10
Suppose 15*j = 3*j + 120. Suppose 252 = j*p - 7*p. What is the highest common divisor of p and 56?
28
Let m = 141 - -18. Calculate the greatest common factor of m and 53.
53
Let q be -57*((-96)/18 + 5). Suppose 0 = 2*z - 289 - 405. Suppose 3*b - z = -62. Calculate the highest common divisor of b and q.
19
Suppose 96*w - 97*w - j = -149, 4*w = j + 621. What is the highest common divisor of w and 187?
11
Suppose -317 = -8*g + 403. What is the greatest common divisor of 960 and g?
30
Suppose 6*l + 0*l = 24. Suppose -3*h - 2*o - 10 = -48, h + 5*o = l. Calculate the greatest common factor of h and 154.
14
Let p = -6 + 8. What is the highest common factor of p and 24?
2
Let n = -3 + 6. Suppose 0 = -37*p + 86*p - 98. Suppose -p*l = n*l - 210. What is the greatest common divisor of l and 28?
14
Let u = 6 + -3. Suppose -2*r + 4*s = -8, -u*r - s = -0*r - 33. Suppose 2*h - 18 = r. What is the greatest common factor of h and 70?
14
Suppose -3*p - 38 = d - 146, 0 = 5*d - 4*p - 635. Let b = 294 - d. What is the greatest common factor of b and 19?
19
Let s be 92*16*-4*(-11)/88. Calculate the greatest common divisor of s and 64.
32
Let g = 6095 - 6083. Let w = -25 - -157. Calculate the greatest common factor of g and w.
12
Let g be (-191)/7 - (-6)/21. Let b be g/(-3) + -6 + 4. Suppose 2*s = -12 + 110. What is the highest common factor of b and s?
7
Let q = -15 - -6. Let t = 11 + q. Suppose 2*n - 2*g = 25 - 9, 2*n + t*g - 12 = 0. What is the greatest common divisor of n and 63?
7
Suppose t = 1260 - 1241. What is the greatest common factor of 209 and t?
19
Suppose 2*a = -a. Suppose 2*k = -a*k + 12. Let h = k - 4. What is the greatest common divisor of h and 2?
2
Suppose -6 = -6*x + 36. Suppose -x*h - 170 = -8*h. Calculate the highest common factor of h and 17.
17
Let l = -83 + 139. What is the greatest common factor of 35 and l?
7
Let d(b) = -17*b - 1. Let l be d(-1). Suppose -q = l*q - 5865. What is the highest common divisor of q and 23?
23
Suppose 7*a - 30 = a. Suppose w + 5*y = -2*w - 19, -w - a*y = 23. What is the highest common divisor of w and 32?
2
Let x = -28 - -32. Suppose -l + q = -10 + x, 4*l - 3*q = 22. What is the highest common divisor of l and 4?
4
Suppose -x = 2*x - 24. Let m = x + -2. What is the greatest common factor of m and 42?
6
Suppose -5*d + 21 = -9. What is the highest common divisor of 18 and d?
6
Suppose h - 3*r - 17 = 21, -110 = -5*h - 5*r. Let u = 31 - h. Calculate the greatest common factor of u and 55.
5
Let k be (128/(-28) - -8)/((-2)/(-21)). Calculate the greatest common divisor of k and 60.
12
Suppose -5*s = 2*j - 732, -2*s - 3*j + 284 = -0*j. What is the highest common divisor of s and 111?
37
Let b = -168 - -98. Let h = -42 - b. Suppose -5*j + 7 = -2*r, 10*r - 14*r - 4*j + 28 = 0. Calculate the highest common factor of h and r.
4
Let o be 